y 180?
151
What is the remainder when 20235 is divided by 10081?
73
What is the remainder when 1801 is divided by 144?
73
What is the remainder when 1472 is divided by 17?
10
Calculate the remainder when 825252 is divided by 206307.
24
What is the remainder when 50189 is divided by 117?
113
Calculate the remainder when 624 is divided by 27.
3
Calculate the remainder when 620334 is divided by 31.
24
Calculate the remainder when 110800 is divided by 208.
144
What is the remainder when 16965 is divided by 1305?
0
Calculate the remainder when 7861 is divided by 150.
61
What is the remainder when 23765 is divided by 222?
11
Calculate the remainder when 1307 is divided by 589.
129
Calculate the remainder when 10953 is divided by 387.
117
Calculate the remainder when 4881 is divided by 532.
93
What is the remainder when 5101 is divided by 5085?
16
Calculate the remainder when 45033 is divided by 5.
3
Calculate the remainder when 42817 is divided by 8526.
187
Calculate the remainder when 13280 is divided by 1437.
347
What is the remainder when 34205 is divided by 8?
5
Calculate the remainder when 31063 is divided by 10295.
178
Calculate the remainder when 6320 is divided by 2078.
86
Calculate the remainder when 859 is divided by 128.
91
What is the remainder when 138870 is divided by 12?
6
Calculate the remainder when 6967 is divided by 2319.
10
What is the remainder when 38959 is divided by 117?
115
What is the remainder when 9197754 is divided by 58?
56
What is the remainder when 6893 is divided by 138?
131
Calculate the remainder when 23740 is divided by 62.
56
Calculate the remainder when 555486 is divided by 102.
96
Calculate the remainder when 15123 is divided by 443.
61
Calculate the remainder when 18818 is divided by 9.
8
What is the remainder when 64696 is divided by 1198?
4
Calculate the remainder when 258 is divided by 7.
6
What is the remainder when 2204 is divided by 546?
20
What is the remainder when 78934 is divided by 9?
4
What is the remainder when 3928 is divided by 3921?
7
What is the remainder when 24151 is divided by 592?
471
What is the remainder when 174815 is divided by 7946?
3
Calculate the remainder when 45117 is divided by 45104.
13
What is the remainder when 2280 is divided by 155?
110
Calculate the remainder when 303295 is divided by 142.
125
Calculate the remainder when 18546 is divided by 14.
10
Calculate the remainder when 7129 is divided by 1763.
77
What is the remainder when 4868 is divided by 715?
578
Calculate the remainder when 23247 is divided by 75.
72
Calculate the remainder when 8322 is divided by 8292.
30
Calculate the remainder when 96909 is divided by 32280.
69
What is the remainder when 4676 is divided by 68?
52
Calculate the remainder when 877199 is divided by 33.
26
What is the remainder when 17590 is divided by 2844?
526
What is the remainder when 13913 is divided by 142?
139
What is the remainder when 3513 is divided by 92?
17
Calculate the remainder when 15533 is divided by 5041.
410
What is the remainder when 1403 is divided by 18?
17
What is the remainder when 86236 is divided by 214?
208
Calculate the remainder when 4679 is divided by 1505.
164
Calculate the remainder when 34234 is divided by 34189.
45
Calculate the remainder when 4229 is divided by 419.
39
What is the remainder when 282750 is divided by 2745?
15
What is the remainder when 3214 is divided by 1071?
1
What is the remainder when 2206 is divided by 721?
43
Calculate the remainder when 853775 is divided by 99.
98
What is the remainder when 1731 is divided by 17?
14
What is the remainder when 754 is divided by 98?
68
What is the remainder when 4277 is divided by 1421?
14
What is the remainder when 9221441 is divided by 221?
216
What is the remainder when 48498 is divided by 15778?
1164
Calculate the remainder when 50282 is divided by 2095.
2
Calculate the remainder when 2171 is divided by 878.
415
What is the remainder when 412 is divided by 115?
67
Calculate the remainder when 609698 is divided by 140.
138
Calculate the remainder when 3842 is divided by 1322.
1198
Calculate the remainder when 489891 is divided by 22.
17
Calculate the remainder when 2447 is divided by 263.
80
Calculate the remainder when 46935 is divided by 14.
7
Calculate the remainder when 17201 is divided by 8600.
1
What is the remainder when 52253 is divided by 284?
281
Calculate the remainder when 361893 is divided by 887.
884
Calculate the remainder when 3531 is divided by 1169.
24
Calculate the remainder when 36940 is divided by 59.
6
Calculate the remainder when 7368 is divided by 7316.
52
Calculate the remainder when 742096 is divided by 371044.
8
What is the remainder when 269 is divided by 262?
7
What is the remainder when 8983 is divided by 61?
16
Calculate the remainder when 2725 is divided by 1278.
169
What is the remainder when 13482 is divided by 144?
90
Calculate the remainder when 1836193 is divided by 94.
91
Calculate the remainder when 43501 is divided by 1448.
61
Calculate the remainder when 347474 is divided by 25.
24
Calculate the remainder when 10653 is divided by 64.
29
Calculate the remainder when 48363 is divided by 6.
3
What is the remainder when 103431 is divided by 278?
15
What is the remainder when 717258 is divided by 31185?
3
What is the remainder when 165180 is divided by 7181?
17
What is the remainder when 76340 is divided by 2006?
112
Calculate the remainder when 8563 is divided by 767.
126
What is the remainder when 3171837 is divided by 28?
25
What is the remainder when 1082458 is divided by 180409?
4
What is the remainder when 953 is divided by 655?
298
What is the remainder when 2329 is divided by 37?
35
Calculate the remainder when 820 is divided by 311.
198
Calculate the remainder when 2151 is divided by 874.
403
Calculate the remainder when 16378 is divided by 457.
383
What is the remainder when 44310 is divided by 4027?
13
Calculate the remainder when 219347 is divided by 148.
11
What is the remainder when 33018 is divided by 364?
258
What is the remainder when 77687 is divided by 170?
167
What is the remainder when 101991 is divided by 68?
59
What is the remainder when 1173 is divided by 496?
181
Calculate the remainder when 243305 is divided by 126.
125
What is the remainder when 16316 is divided by 49?
48
Calculate the remainder when 5967454 is divided by 528.
526
Calculate the remainder when 14388325 is divided by 1214.
1211
What is the remainder when 39219 is divided by 7838?
29
Calculate the remainder when 245189 is divided by 145.
139
Calculate the remainder when 11148 is divided by 5486.
176
What is the remainder when 145125 is divided by 103?
101
Calculate the remainder when 15784 is divided by 1753.
7
Calculate the remainder when 21883 is divided by 609.
568
What is the remainder when 83622 is divided by 223?
220
Calculate the remainder when 13825 is divided by 33.
31
Calculate the remainder when 2768 is divided by 55.
18
What is the remainder when 3492 is divided by 485?
97
What is the remainder when 12070 is divided by 40?
30
What is the remainder when 148391 is divided by 74189?
13
What is the remainder when 190229 is divided by 166?
159
Calculate the remainder when 2119336 is divided by 1977.
1969
Calculate the remainder when 65105 is divided by 3.
2
What is the remainder when 3602 is divided by 68?
66
What is the remainder when 20575 is divided by 13?
9
What is the remainder when 1709 is divided by 30?
29
Calculate the remainder when 246660 is divided by 156.
24
Calculate the remainder when 3688 is divided by 36.
16
Calculate the remainder when 140925 is divided by 367.
364
Calculate the remainder when 22857 is divided by 110.
87
Calculate the remainder when 1522 is divided by 387.
361
What is the remainder when 11360 is divided by 22?
8
Calculate the remainder when 8250 is divided by 26.
8
Calculate the remainder when 1982 is divided by 352.
222
What is the remainder when 16247 is divided by 5413?
8
Calculate the remainder when 661696 is divided by 330839.
18
What is the remainder when 601 is divided by 117?
16
Calculate the remainder when 4272608 is divided by 111.
107
What is the remainder when 28913 is divided by 14178?
557
Calculate the remainder when 8904 is divided by 15.
9
What is the remainder when 1